

{"version":"1.0","provider_name":"Gestions hospitali\u00e8res","provider_url":"https:\/\/www.ricom-web8.com\/gestions","author_name":"Gestions hospitali\u00e8res","author_url":"https:\/\/www.ricom-web8.com\/gestions\/author\/benjamin\/","title":"Limiter les mesures d\u2019isolement et de contention - Gestions hospitali\u00e8res","type":"rich","width":600,"height":338,"html":"<blockquote class=\"wp-embedded-content\" data-secret=\"MbwUZa9J9z\"><a href=\"https:\/\/www.ricom-web8.com\/gestions\/actualites\/limiter-mesures-disolement-de-contention\/\">Limiter les mesures d\u2019isolement et de contention<\/a><\/blockquote><iframe sandbox=\"allow-scripts\" security=\"restricted\" src=\"https:\/\/www.ricom-web8.com\/gestions\/actualites\/limiter-mesures-disolement-de-contention\/embed\/#?secret=MbwUZa9J9z\" width=\"600\" height=\"338\" title=\"\u00ab\u00a0Limiter les mesures d\u2019isolement et de contention\u00a0\u00bb &#8212; Gestions hospitali\u00e8res\" data-secret=\"MbwUZa9J9z\" frameborder=\"0\" marginwidth=\"0\" marginheight=\"0\" scrolling=\"no\" class=\"wp-embedded-content\"><\/iframe><script type=\"text\/javascript\">\n\/* <![CDATA[ *\/\n\/*! This file is auto-generated *\/\n!function(d,l){\"use strict\";l.querySelector&&d.addEventListener&&\"undefined\"!=typeof URL&&(d.wp=d.wp||{},d.wp.receiveEmbedMessage||(d.wp.receiveEmbedMessage=function(e){var t=e.data;if((t||t.secret||t.message||t.value)&&!\/[^a-zA-Z0-9]\/.test(t.secret)){for(var s,r,n,a=l.querySelectorAll('iframe[data-secret=\"'+t.secret+'\"]'),o=l.querySelectorAll('blockquote[data-secret=\"'+t.secret+'\"]'),c=new RegExp(\"^https?:$\",\"i\"),i=0;i<o.length;i++)o[i].style.display=\"none\";for(i=0;i<a.length;i++)s=a[i],e.source===s.contentWindow&&(s.removeAttribute(\"style\"),\"height\"===t.message?(1e3<(r=parseInt(t.value,10))?r=1e3:~~r<200&&(r=200),s.height=r):\"link\"===t.message&&(r=new URL(s.getAttribute(\"src\")),n=new URL(t.value),c.test(n.protocol))&&n.host===r.host&&l.activeElement===s&&(d.top.location.href=t.value))}},d.addEventListener(\"message\",d.wp.receiveEmbedMessage,!1),l.addEventListener(\"DOMContentLoaded\",function(){for(var e,t,s=l.querySelectorAll(\"iframe.wp-embedded-content\"),r=0;r<s.length;r++)(t=(e=s[r]).getAttribute(\"data-secret\"))||(t=Math.random().toString(36).substring(2,12),e.src+=\"#?secret=\"+t,e.setAttribute(\"data-secret\",t)),e.contentWindow.postMessage({message:\"ready\",secret:t},\"*\")},!1)))}(window,document);\n\/* ]]> *\/\n<\/script>\n","description":"Bien que peu de chiffres soient disponibles en France, des signaux montrent qu\u2019il y aurait trop de mesures d\u2019isolement et de contention en psychiatrie et qu\u2019il faut en r\u00e9duire le nombre \u2013 en pr\u00e9cisant les indications et les conditions de r\u00e9alisation. C\u2019est le sens des alertes de diverses autorit\u00e9s telles que le Contr\u00f4leur g\u00e9n\u00e9ral des lieux de privation de libert\u00e9 et le Comit\u00e9 europ\u00e9en pour la pr\u00e9vention de la torture&hellip;"}

Gestions hospitalières

Limiter les mesures d’isolement et de contention - Gestions hospitalières

<blockquote class="wp-embedded-content" data-secret="MbwUZa9J9z"><a href="https://www.ricom-web8.com/gestions/actualites/limiter-mesures-disolement-de-contention/">Limiter les mesures d’isolement et de contention</a></blockquote><iframe sandbox="allow-scripts" security="restricted" src="https://www.ricom-web8.com/gestions/actualites/limiter-mesures-disolement-de-contention/embed/#?secret=MbwUZa9J9z" width="600" height="338" title="« Limiter les mesures d’isolement et de contention » &#8212; Gestions hospitalières" data-secret="MbwUZa9J9z" frameborder="0" marginwidth="0" marginheight="0" scrolling="no" class="wp-embedded-content"></iframe><script type="text/javascript">
/* <![CDATA[ */
/*! This file is auto-generated */
!function(d,l){"use strict";l.querySelector&&d.addEventListener&&"undefined"!=typeof URL&&(d.wp=d.wp||{},d.wp.receiveEmbedMessage||(d.wp.receiveEmbedMessage=function(e){var t=e.data;if((t||t.secret||t.message||t.value)&&!/[^a-zA-Z0-9]/.test(t.secret)){for(var s,r,n,a=l.querySelectorAll('iframe[data-secret="'+t.secret+'"]'),o=l.querySelectorAll('blockquote[data-secret="'+t.secret+'"]'),c=new RegExp("^https?:$","i"),i=0;i<o.length;i++)o[i].style.display="none";for(i=0;i<a.length;i++)s=a[i],e.source===s.contentWindow&&(s.removeAttribute("style"),"height"===t.message?(1e3<(r=parseInt(t.value,10))?r=1e3:~~r<200&&(r=200),s.height=r):"link"===t.message&&(r=new URL(s.getAttribute("src")),n=new URL(t.value),c.test(n.protocol))&&n.host===r.host&&l.activeElement===s&&(d.top.location.href=t.value))}},d.addEventListener("message",d.wp.receiveEmbedMessage,!1),l.addEventListener("DOMContentLoaded",function(){for(var e,t,s=l.querySelectorAll("iframe.wp-embedded-content"),r=0;r<s.length;r++)(t=(e=s[r]).getAttribute("data-secret"))||(t=Math.random().toString(36).substring(2,12),e.src+="#?secret="+t,e.setAttribute("data-secret",t)),e.contentWindow.postMessage({message:"ready",secret:t},"*")},!1)))}(window,document);
/* ]]> */
</script>

Bien que peu de chiffres soient disponibles en France, des signaux montrent qu’il y aurait trop de mesures d’isolement et de contention en psychiatrie et qu’il faut en réduire le nombre – en précisant les indications et les conditions de réalisation. C’est le sens des alertes de diverses autorités telles que le Contrôleur général des lieux de privation de liberté et le Comité européen pour la prévention de la torture&hellip;
