

{"version":"1.0","provider_name":"Gestions hospitali\u00e8res","provider_url":"https:\/\/www.ricom-web8.com\/gestions","author_name":"Gestions hospitali\u00e8res","author_url":"https:\/\/www.ricom-web8.com\/gestions\/author\/benjamin\/","title":"Une premi\u00e8re nationale pour la maladie de Charcot - Gestions hospitali\u00e8res","type":"rich","width":600,"height":338,"html":"<blockquote class=\"wp-embedded-content\" data-secret=\"0D57M4NIU2\"><a href=\"https:\/\/www.ricom-web8.com\/gestions\/actualites\/premiere-nationale-maladie-de-charcot\/\">Une premi\u00e8re nationale pour la maladie de Charcot<\/a><\/blockquote><iframe sandbox=\"allow-scripts\" security=\"restricted\" src=\"https:\/\/www.ricom-web8.com\/gestions\/actualites\/premiere-nationale-maladie-de-charcot\/embed\/#?secret=0D57M4NIU2\" width=\"600\" height=\"338\" title=\"\u00ab\u00a0Une premi\u00e8re nationale pour la maladie de Charcot\u00a0\u00bb &#8212; Gestions hospitali\u00e8res\" data-secret=\"0D57M4NIU2\" frameborder=\"0\" marginwidth=\"0\" marginheight=\"0\" scrolling=\"no\" class=\"wp-embedded-content\"><\/iframe><script type=\"text\/javascript\">\n\/* <![CDATA[ *\/\n\/*! This file is auto-generated *\/\n!function(d,l){\"use strict\";l.querySelector&&d.addEventListener&&\"undefined\"!=typeof URL&&(d.wp=d.wp||{},d.wp.receiveEmbedMessage||(d.wp.receiveEmbedMessage=function(e){var t=e.data;if((t||t.secret||t.message||t.value)&&!\/[^a-zA-Z0-9]\/.test(t.secret)){for(var s,r,n,a=l.querySelectorAll('iframe[data-secret=\"'+t.secret+'\"]'),o=l.querySelectorAll('blockquote[data-secret=\"'+t.secret+'\"]'),c=new RegExp(\"^https?:$\",\"i\"),i=0;i<o.length;i++)o[i].style.display=\"none\";for(i=0;i<a.length;i++)s=a[i],e.source===s.contentWindow&&(s.removeAttribute(\"style\"),\"height\"===t.message?(1e3<(r=parseInt(t.value,10))?r=1e3:~~r<200&&(r=200),s.height=r):\"link\"===t.message&&(r=new URL(s.getAttribute(\"src\")),n=new URL(t.value),c.test(n.protocol))&&n.host===r.host&&l.activeElement===s&&(d.top.location.href=t.value))}},d.addEventListener(\"message\",d.wp.receiveEmbedMessage,!1),l.addEventListener(\"DOMContentLoaded\",function(){for(var e,t,s=l.querySelectorAll(\"iframe.wp-embedded-content\"),r=0;r<s.length;r++)(t=(e=s[r]).getAttribute(\"data-secret\"))||(t=Math.random().toString(36).substring(2,12),e.src+=\"#?secret=\"+t,e.setAttribute(\"data-secret\",t)),e.contentWindow.postMessage({message:\"ready\",secret:t},\"*\")},!1)))}(window,document);\n\/* ]]> *\/\n<\/script>\n","description":"Environ 500\u2009000 personnes dans le monde sont atteintes de la scl\u00e9rose lat\u00e9rale amyotrophique (SLA), plus connue sous le nom de maladie de Charcot, cet \u00ab\u2009emmurement vivant\u2009\u00bb comme l\u2019a si bien d\u00e9crit le romancier Bertrand Poirot-Delpech. Le silence de leur d\u00e9tresse face \u00e0 un destin implacable, en l\u2019absence totale de traitement, n\u2019a \u00e9t\u00e9 v\u00e9ritablement bris\u00e9 qu\u2019en 2014 avec le Ice Bucket Challenge, victoire m\u00e9diatique et financi\u00e8re in\u00e9dite depuis sa description par&hellip;"}

Gestions hospitalières

Une première nationale pour la maladie de Charcot - Gestions hospitalières

<blockquote class="wp-embedded-content" data-secret="0D57M4NIU2"><a href="https://www.ricom-web8.com/gestions/actualites/premiere-nationale-maladie-de-charcot/">Une première nationale pour la maladie de Charcot</a></blockquote><iframe sandbox="allow-scripts" security="restricted" src="https://www.ricom-web8.com/gestions/actualites/premiere-nationale-maladie-de-charcot/embed/#?secret=0D57M4NIU2" width="600" height="338" title="« Une première nationale pour la maladie de Charcot » &#8212; Gestions hospitalières" data-secret="0D57M4NIU2" frameborder="0" marginwidth="0" marginheight="0" scrolling="no" class="wp-embedded-content"></iframe><script type="text/javascript">
/* <![CDATA[ */
/*! This file is auto-generated */
!function(d,l){"use strict";l.querySelector&&d.addEventListener&&"undefined"!=typeof URL&&(d.wp=d.wp||{},d.wp.receiveEmbedMessage||(d.wp.receiveEmbedMessage=function(e){var t=e.data;if((t||t.secret||t.message||t.value)&&!/[^a-zA-Z0-9]/.test(t.secret)){for(var s,r,n,a=l.querySelectorAll('iframe[data-secret="'+t.secret+'"]'),o=l.querySelectorAll('blockquote[data-secret="'+t.secret+'"]'),c=new RegExp("^https?:$","i"),i=0;i<o.length;i++)o[i].style.display="none";for(i=0;i<a.length;i++)s=a[i],e.source===s.contentWindow&&(s.removeAttribute("style"),"height"===t.message?(1e3<(r=parseInt(t.value,10))?r=1e3:~~r<200&&(r=200),s.height=r):"link"===t.message&&(r=new URL(s.getAttribute("src")),n=new URL(t.value),c.test(n.protocol))&&n.host===r.host&&l.activeElement===s&&(d.top.location.href=t.value))}},d.addEventListener("message",d.wp.receiveEmbedMessage,!1),l.addEventListener("DOMContentLoaded",function(){for(var e,t,s=l.querySelectorAll("iframe.wp-embedded-content"),r=0;r<s.length;r++)(t=(e=s[r]).getAttribute("data-secret"))||(t=Math.random().toString(36).substring(2,12),e.src+="#?secret="+t,e.setAttribute("data-secret",t)),e.contentWindow.postMessage({message:"ready",secret:t},"*")},!1)))}(window,document);
/* ]]> */
</script>

Environ 500 000 personnes dans le monde sont atteintes de la sclérose latérale amyotrophique (SLA), plus connue sous le nom de maladie de Charcot, cet « emmurement vivant » comme l’a si bien décrit le romancier Bertrand Poirot-Delpech. Le silence de leur détresse face à un destin implacable, en l’absence totale de traitement, n’a été véritablement brisé qu’en 2014 avec le Ice Bucket Challenge, victoire médiatique et financière inédite depuis sa description par&hellip;
