

{"version":"1.0","provider_name":"Gestions hospitali\u00e8res","provider_url":"https:\/\/www.ricom-web8.com\/gestions","author_name":"Gestions hospitali\u00e8res","author_url":"https:\/\/www.ricom-web8.com\/gestions\/author\/benjamin\/","title":"Covid-19, analyseur d\u2019un syst\u00e8me en crise - Gestions hospitali\u00e8res","type":"rich","width":600,"height":338,"html":"<blockquote class=\"wp-embedded-content\" data-secret=\"IC7x8EEwKI\"><a href=\"https:\/\/www.ricom-web8.com\/gestions\/covid-19-analyseur-dun-systeme-en-crise\/\">Covid-19, analyseur d\u2019un syst\u00e8me en crise<\/a><\/blockquote><iframe sandbox=\"allow-scripts\" security=\"restricted\" src=\"https:\/\/www.ricom-web8.com\/gestions\/covid-19-analyseur-dun-systeme-en-crise\/embed\/#?secret=IC7x8EEwKI\" width=\"600\" height=\"338\" title=\"\u00ab\u00a0Covid-19, analyseur d\u2019un syst\u00e8me en crise\u00a0\u00bb &#8212; Gestions hospitali\u00e8res\" data-secret=\"IC7x8EEwKI\" frameborder=\"0\" marginwidth=\"0\" marginheight=\"0\" scrolling=\"no\" class=\"wp-embedded-content\"><\/iframe><script type=\"text\/javascript\">\n\/* <![CDATA[ *\/\n\/*! This file is auto-generated *\/\n!function(d,l){\"use strict\";l.querySelector&&d.addEventListener&&\"undefined\"!=typeof URL&&(d.wp=d.wp||{},d.wp.receiveEmbedMessage||(d.wp.receiveEmbedMessage=function(e){var t=e.data;if((t||t.secret||t.message||t.value)&&!\/[^a-zA-Z0-9]\/.test(t.secret)){for(var s,r,n,a=l.querySelectorAll('iframe[data-secret=\"'+t.secret+'\"]'),o=l.querySelectorAll('blockquote[data-secret=\"'+t.secret+'\"]'),c=new RegExp(\"^https?:$\",\"i\"),i=0;i<o.length;i++)o[i].style.display=\"none\";for(i=0;i<a.length;i++)s=a[i],e.source===s.contentWindow&&(s.removeAttribute(\"style\"),\"height\"===t.message?(1e3<(r=parseInt(t.value,10))?r=1e3:~~r<200&&(r=200),s.height=r):\"link\"===t.message&&(r=new URL(s.getAttribute(\"src\")),n=new URL(t.value),c.test(n.protocol))&&n.host===r.host&&l.activeElement===s&&(d.top.location.href=t.value))}},d.addEventListener(\"message\",d.wp.receiveEmbedMessage,!1),l.addEventListener(\"DOMContentLoaded\",function(){for(var e,t,s=l.querySelectorAll(\"iframe.wp-embedded-content\"),r=0;r<s.length;r++)(t=(e=s[r]).getAttribute(\"data-secret\"))||(t=Math.random().toString(36).substring(2,12),e.src+=\"#?secret=\"+t,e.setAttribute(\"data-secret\",t)),e.contentWindow.postMessage({message:\"ready\",secret:t},\"*\")},!1)))}(window,document);\n\/* ]]> *\/\n<\/script>\n","description":"Comme toute crise majeure, celle du Covid-19 r\u00e9interroge les certitudes, cr\u00e9e une scission entre un avant et un apr\u00e8s et nous enjoint \u00e0 en tirer des enseignements pour l\u2019avenir. L\u2019un de ses premiers m\u00e9rites \u2013 si l\u2019on peut dire \u2013 est d\u00e9j\u00e0 de replacer la sant\u00e9 au centre des pr\u00e9occupations d\u2019une soci\u00e9t\u00e9, mais aussi, comme nous le verrons plus loin, la recherche, la formation, autant de domaines que l\u2019on a&hellip;"}

Gestions hospitalières

Covid-19, analyseur d’un système en crise - Gestions hospitalières

<blockquote class="wp-embedded-content" data-secret="IC7x8EEwKI"><a href="https://www.ricom-web8.com/gestions/covid-19-analyseur-dun-systeme-en-crise/">Covid-19, analyseur d’un système en crise</a></blockquote><iframe sandbox="allow-scripts" security="restricted" src="https://www.ricom-web8.com/gestions/covid-19-analyseur-dun-systeme-en-crise/embed/#?secret=IC7x8EEwKI" width="600" height="338" title="« Covid-19, analyseur d’un système en crise » &#8212; Gestions hospitalières" data-secret="IC7x8EEwKI" frameborder="0" marginwidth="0" marginheight="0" scrolling="no" class="wp-embedded-content"></iframe><script type="text/javascript">
/* <![CDATA[ */
/*! This file is auto-generated */
!function(d,l){"use strict";l.querySelector&&d.addEventListener&&"undefined"!=typeof URL&&(d.wp=d.wp||{},d.wp.receiveEmbedMessage||(d.wp.receiveEmbedMessage=function(e){var t=e.data;if((t||t.secret||t.message||t.value)&&!/[^a-zA-Z0-9]/.test(t.secret)){for(var s,r,n,a=l.querySelectorAll('iframe[data-secret="'+t.secret+'"]'),o=l.querySelectorAll('blockquote[data-secret="'+t.secret+'"]'),c=new RegExp("^https?:$","i"),i=0;i<o.length;i++)o[i].style.display="none";for(i=0;i<a.length;i++)s=a[i],e.source===s.contentWindow&&(s.removeAttribute("style"),"height"===t.message?(1e3<(r=parseInt(t.value,10))?r=1e3:~~r<200&&(r=200),s.height=r):"link"===t.message&&(r=new URL(s.getAttribute("src")),n=new URL(t.value),c.test(n.protocol))&&n.host===r.host&&l.activeElement===s&&(d.top.location.href=t.value))}},d.addEventListener("message",d.wp.receiveEmbedMessage,!1),l.addEventListener("DOMContentLoaded",function(){for(var e,t,s=l.querySelectorAll("iframe.wp-embedded-content"),r=0;r<s.length;r++)(t=(e=s[r]).getAttribute("data-secret"))||(t=Math.random().toString(36).substring(2,12),e.src+="#?secret="+t,e.setAttribute("data-secret",t)),e.contentWindow.postMessage({message:"ready",secret:t},"*")},!1)))}(window,document);
/* ]]> */
</script>

Comme toute crise majeure, celle du Covid-19 réinterroge les certitudes, crée une scission entre un avant et un après et nous enjoint à en tirer des enseignements pour l’avenir. L’un de ses premiers mérites – si l’on peut dire – est déjà de replacer la santé au centre des préoccupations d’une société, mais aussi, comme nous le verrons plus loin, la recherche, la formation, autant de domaines que l’on a&hellip;
