

{"version":"1.0","provider_name":"Gestions hospitali\u00e8res","provider_url":"https:\/\/www.ricom-web8.com\/gestions","author_name":"yann Le Sager","author_url":"https:\/\/www.ricom-web8.com\/gestions\/author\/lesager-yannstudioricom-com\/","title":"La m\u00e9moire des \u00e9v\u00e9nements - Gestions hospitali\u00e8res","type":"rich","width":600,"height":338,"html":"<blockquote class=\"wp-embedded-content\" data-secret=\"VvW9ixvuWw\"><a href=\"https:\/\/www.ricom-web8.com\/gestions\/la-memoire-des-evenements\/\">La m\u00e9moire des \u00e9v\u00e9nements<\/a><\/blockquote><iframe sandbox=\"allow-scripts\" security=\"restricted\" src=\"https:\/\/www.ricom-web8.com\/gestions\/la-memoire-des-evenements\/embed\/#?secret=VvW9ixvuWw\" width=\"600\" height=\"338\" title=\"\u00ab\u00a0La m\u00e9moire des \u00e9v\u00e9nements\u00a0\u00bb &#8212; Gestions hospitali\u00e8res\" data-secret=\"VvW9ixvuWw\" frameborder=\"0\" marginwidth=\"0\" marginheight=\"0\" scrolling=\"no\" class=\"wp-embedded-content\"><\/iframe><script type=\"text\/javascript\">\n\/* <![CDATA[ *\/\n\/*! This file is auto-generated *\/\n!function(d,l){\"use strict\";l.querySelector&&d.addEventListener&&\"undefined\"!=typeof URL&&(d.wp=d.wp||{},d.wp.receiveEmbedMessage||(d.wp.receiveEmbedMessage=function(e){var t=e.data;if((t||t.secret||t.message||t.value)&&!\/[^a-zA-Z0-9]\/.test(t.secret)){for(var s,r,n,a=l.querySelectorAll('iframe[data-secret=\"'+t.secret+'\"]'),o=l.querySelectorAll('blockquote[data-secret=\"'+t.secret+'\"]'),c=new RegExp(\"^https?:$\",\"i\"),i=0;i<o.length;i++)o[i].style.display=\"none\";for(i=0;i<a.length;i++)s=a[i],e.source===s.contentWindow&&(s.removeAttribute(\"style\"),\"height\"===t.message?(1e3<(r=parseInt(t.value,10))?r=1e3:~~r<200&&(r=200),s.height=r):\"link\"===t.message&&(r=new URL(s.getAttribute(\"src\")),n=new URL(t.value),c.test(n.protocol))&&n.host===r.host&&l.activeElement===s&&(d.top.location.href=t.value))}},d.addEventListener(\"message\",d.wp.receiveEmbedMessage,!1),l.addEventListener(\"DOMContentLoaded\",function(){for(var e,t,s=l.querySelectorAll(\"iframe.wp-embedded-content\"),r=0;r<s.length;r++)(t=(e=s[r]).getAttribute(\"data-secret\"))||(t=Math.random().toString(36).substring(2,12),e.src+=\"#?secret=\"+t,e.setAttribute(\"data-secret\",t)),e.contentWindow.postMessage({message:\"ready\",secret:t},\"*\")},!1)))}(window,document);\n\/* ]]> *\/\n<\/script>\n","description":"Un peu de s\u00e9mantique pour commencer. La m\u00e9moire est une notion abstraite, donc pas facile \u00e0 d\u00e9finir. Je dirais pour simplifier que c\u2019est la capacit\u00e9 du cerveau \u00e0 stocker des informations et \u00e0 les redonner lorsqu\u2019il est sollicit\u00e9. On appelle \u00ab souvenirs \u00bb ces informations stock\u00e9es dans le cerveau. \u00ab J\u2019ai de la m\u00e9moire \u00bb signifie que mon cerveau est capable d\u2019emmagasiner des souvenirs et de me les restituer lorsque&hellip;"}

Gestions hospitalières

La mémoire des événements - Gestions hospitalières

<blockquote class="wp-embedded-content" data-secret="VvW9ixvuWw"><a href="https://www.ricom-web8.com/gestions/la-memoire-des-evenements/">La mémoire des événements</a></blockquote><iframe sandbox="allow-scripts" security="restricted" src="https://www.ricom-web8.com/gestions/la-memoire-des-evenements/embed/#?secret=VvW9ixvuWw" width="600" height="338" title="« La mémoire des événements » &#8212; Gestions hospitalières" data-secret="VvW9ixvuWw" frameborder="0" marginwidth="0" marginheight="0" scrolling="no" class="wp-embedded-content"></iframe><script type="text/javascript">
/* <![CDATA[ */
/*! This file is auto-generated */
!function(d,l){"use strict";l.querySelector&&d.addEventListener&&"undefined"!=typeof URL&&(d.wp=d.wp||{},d.wp.receiveEmbedMessage||(d.wp.receiveEmbedMessage=function(e){var t=e.data;if((t||t.secret||t.message||t.value)&&!/[^a-zA-Z0-9]/.test(t.secret)){for(var s,r,n,a=l.querySelectorAll('iframe[data-secret="'+t.secret+'"]'),o=l.querySelectorAll('blockquote[data-secret="'+t.secret+'"]'),c=new RegExp("^https?:$","i"),i=0;i<o.length;i++)o[i].style.display="none";for(i=0;i<a.length;i++)s=a[i],e.source===s.contentWindow&&(s.removeAttribute("style"),"height"===t.message?(1e3<(r=parseInt(t.value,10))?r=1e3:~~r<200&&(r=200),s.height=r):"link"===t.message&&(r=new URL(s.getAttribute("src")),n=new URL(t.value),c.test(n.protocol))&&n.host===r.host&&l.activeElement===s&&(d.top.location.href=t.value))}},d.addEventListener("message",d.wp.receiveEmbedMessage,!1),l.addEventListener("DOMContentLoaded",function(){for(var e,t,s=l.querySelectorAll("iframe.wp-embedded-content"),r=0;r<s.length;r++)(t=(e=s[r]).getAttribute("data-secret"))||(t=Math.random().toString(36).substring(2,12),e.src+="#?secret="+t,e.setAttribute("data-secret",t)),e.contentWindow.postMessage({message:"ready",secret:t},"*")},!1)))}(window,document);
/* ]]> */
</script>

Un peu de sémantique pour commencer. La mémoire est une notion abstraite, donc pas facile à définir. Je dirais pour simplifier que c’est la capacité du cerveau à stocker des informations et à les redonner lorsqu’il est sollicité. On appelle « souvenirs » ces informations stockées dans le cerveau. « J’ai de la mémoire » signifie que mon cerveau est capable d’emmagasiner des souvenirs et de me les restituer lorsque&hellip;
