

{"version":"1.0","provider_name":"Gestions hospitali\u00e8res","provider_url":"https:\/\/www.ricom-web8.com\/gestions","author_name":"yann Le Sager","author_url":"https:\/\/www.ricom-web8.com\/gestions\/author\/lesager-yannstudioricom-com\/","title":"La sant\u00e9 mentale, quelles \u00e9volutions ? - Gestions hospitali\u00e8res","type":"rich","width":600,"height":338,"html":"<blockquote class=\"wp-embedded-content\" data-secret=\"C11V3LRMnr\"><a href=\"https:\/\/www.ricom-web8.com\/gestions\/la-sante-mentale-quelles-evolutions\/\">La sant\u00e9 mentale, quelles \u00e9volutions ?<\/a><\/blockquote><iframe sandbox=\"allow-scripts\" security=\"restricted\" src=\"https:\/\/www.ricom-web8.com\/gestions\/la-sante-mentale-quelles-evolutions\/embed\/#?secret=C11V3LRMnr\" width=\"600\" height=\"338\" title=\"\u00ab\u00a0La sant\u00e9 mentale, quelles \u00e9volutions ?\u00a0\u00bb &#8212; Gestions hospitali\u00e8res\" data-secret=\"C11V3LRMnr\" frameborder=\"0\" marginwidth=\"0\" marginheight=\"0\" scrolling=\"no\" class=\"wp-embedded-content\"><\/iframe><script type=\"text\/javascript\">\n\/* <![CDATA[ *\/\n\/*! This file is auto-generated *\/\n!function(d,l){\"use strict\";l.querySelector&&d.addEventListener&&\"undefined\"!=typeof URL&&(d.wp=d.wp||{},d.wp.receiveEmbedMessage||(d.wp.receiveEmbedMessage=function(e){var t=e.data;if((t||t.secret||t.message||t.value)&&!\/[^a-zA-Z0-9]\/.test(t.secret)){for(var s,r,n,a=l.querySelectorAll('iframe[data-secret=\"'+t.secret+'\"]'),o=l.querySelectorAll('blockquote[data-secret=\"'+t.secret+'\"]'),c=new RegExp(\"^https?:$\",\"i\"),i=0;i<o.length;i++)o[i].style.display=\"none\";for(i=0;i<a.length;i++)s=a[i],e.source===s.contentWindow&&(s.removeAttribute(\"style\"),\"height\"===t.message?(1e3<(r=parseInt(t.value,10))?r=1e3:~~r<200&&(r=200),s.height=r):\"link\"===t.message&&(r=new URL(s.getAttribute(\"src\")),n=new URL(t.value),c.test(n.protocol))&&n.host===r.host&&l.activeElement===s&&(d.top.location.href=t.value))}},d.addEventListener(\"message\",d.wp.receiveEmbedMessage,!1),l.addEventListener(\"DOMContentLoaded\",function(){for(var e,t,s=l.querySelectorAll(\"iframe.wp-embedded-content\"),r=0;r<s.length;r++)(t=(e=s[r]).getAttribute(\"data-secret\"))||(t=Math.random().toString(36).substring(2,12),e.src+=\"#?secret=\"+t,e.setAttribute(\"data-secret\",t)),e.contentWindow.postMessage({message:\"ready\",secret:t},\"*\")},!1)))}(window,document);\n\/* ]]> *\/\n<\/script>\n","description":"\ufeffPendant plus de quinze ans, l\u2019\u00e9volution du cadre l\u00e9gislatif et r\u00e9glementaire, l\u2019augmentation du nombre de personnes incarc\u00e9r\u00e9es, la demande de soins psychiatriques croissante ont induit une transformation de l\u2019offre de soins en psychiatrie. On observe notamment une demande de plus en plus forte de prises en charge sous forme d\u2019ateliers th\u00e9rapeutiques ou de groupes. Cela implique une diversification et une gradation de l\u2019offre, laquelle doit se mettre en place progressivement et n\u00e9cessite des \u00e9volutions des \u00e9quipes en termes de comp\u00e9tence et des locaux d\u00e9di\u00e9s \u00e0 cette activit\u00e9."}

Gestions hospitalières

La santé mentale, quelles évolutions ? - Gestions hospitalières

<blockquote class="wp-embedded-content" data-secret="C11V3LRMnr"><a href="https://www.ricom-web8.com/gestions/la-sante-mentale-quelles-evolutions/">La santé mentale, quelles évolutions ?</a></blockquote><iframe sandbox="allow-scripts" security="restricted" src="https://www.ricom-web8.com/gestions/la-sante-mentale-quelles-evolutions/embed/#?secret=C11V3LRMnr" width="600" height="338" title="« La santé mentale, quelles évolutions ? » &#8212; Gestions hospitalières" data-secret="C11V3LRMnr" frameborder="0" marginwidth="0" marginheight="0" scrolling="no" class="wp-embedded-content"></iframe><script type="text/javascript">
/* <![CDATA[ */
/*! This file is auto-generated */
!function(d,l){"use strict";l.querySelector&&d.addEventListener&&"undefined"!=typeof URL&&(d.wp=d.wp||{},d.wp.receiveEmbedMessage||(d.wp.receiveEmbedMessage=function(e){var t=e.data;if((t||t.secret||t.message||t.value)&&!/[^a-zA-Z0-9]/.test(t.secret)){for(var s,r,n,a=l.querySelectorAll('iframe[data-secret="'+t.secret+'"]'),o=l.querySelectorAll('blockquote[data-secret="'+t.secret+'"]'),c=new RegExp("^https?:$","i"),i=0;i<o.length;i++)o[i].style.display="none";for(i=0;i<a.length;i++)s=a[i],e.source===s.contentWindow&&(s.removeAttribute("style"),"height"===t.message?(1e3<(r=parseInt(t.value,10))?r=1e3:~~r<200&&(r=200),s.height=r):"link"===t.message&&(r=new URL(s.getAttribute("src")),n=new URL(t.value),c.test(n.protocol))&&n.host===r.host&&l.activeElement===s&&(d.top.location.href=t.value))}},d.addEventListener("message",d.wp.receiveEmbedMessage,!1),l.addEventListener("DOMContentLoaded",function(){for(var e,t,s=l.querySelectorAll("iframe.wp-embedded-content"),r=0;r<s.length;r++)(t=(e=s[r]).getAttribute("data-secret"))||(t=Math.random().toString(36).substring(2,12),e.src+="#?secret="+t,e.setAttribute("data-secret",t)),e.contentWindow.postMessage({message:"ready",secret:t},"*")},!1)))}(window,document);
/* ]]> */
</script>

﻿Pendant plus de quinze ans, l’évolution du cadre législatif et réglementaire, l’augmentation du nombre de personnes incarcérées, la demande de soins psychiatriques croissante ont induit une transformation de l’offre de soins en psychiatrie. On observe notamment une demande de plus en plus forte de prises en charge sous forme d’ateliers thérapeutiques ou de groupes. Cela implique une diversification et une gradation de l’offre, laquelle doit se mettre en place progressivement et nécessite des évolutions des équipes en termes de compétence et des locaux dédiés à cette activité.
