

{"version":"1.0","provider_name":"Gestions hospitali\u00e8res","provider_url":"https:\/\/www.ricom-web8.com\/gestions","author_name":"yann Le Sager","author_url":"https:\/\/www.ricom-web8.com\/gestions\/author\/lesager-yannstudioricom-com\/","title":"Le m\u00e9c\u00e9nat en \u00e9tablissement public de sant\u00e9 - Gestions hospitali\u00e8res","type":"rich","width":600,"height":338,"html":"<blockquote class=\"wp-embedded-content\" data-secret=\"7AOyvdbBEw\"><a href=\"https:\/\/www.ricom-web8.com\/gestions\/le-mecenat-en-etablissement-public-de-sante\/\">Le m\u00e9c\u00e9nat en \u00e9tablissement public de sant\u00e9<\/a><\/blockquote><iframe sandbox=\"allow-scripts\" security=\"restricted\" src=\"https:\/\/www.ricom-web8.com\/gestions\/le-mecenat-en-etablissement-public-de-sante\/embed\/#?secret=7AOyvdbBEw\" width=\"600\" height=\"338\" title=\"\u00ab\u00a0Le m\u00e9c\u00e9nat en \u00e9tablissement public de sant\u00e9\u00a0\u00bb &#8212; Gestions hospitali\u00e8res\" data-secret=\"7AOyvdbBEw\" frameborder=\"0\" marginwidth=\"0\" marginheight=\"0\" scrolling=\"no\" class=\"wp-embedded-content\"><\/iframe><script type=\"text\/javascript\">\n\/* <![CDATA[ *\/\n\/*! This file is auto-generated *\/\n!function(d,l){\"use strict\";l.querySelector&&d.addEventListener&&\"undefined\"!=typeof URL&&(d.wp=d.wp||{},d.wp.receiveEmbedMessage||(d.wp.receiveEmbedMessage=function(e){var t=e.data;if((t||t.secret||t.message||t.value)&&!\/[^a-zA-Z0-9]\/.test(t.secret)){for(var s,r,n,a=l.querySelectorAll('iframe[data-secret=\"'+t.secret+'\"]'),o=l.querySelectorAll('blockquote[data-secret=\"'+t.secret+'\"]'),c=new RegExp(\"^https?:$\",\"i\"),i=0;i<o.length;i++)o[i].style.display=\"none\";for(i=0;i<a.length;i++)s=a[i],e.source===s.contentWindow&&(s.removeAttribute(\"style\"),\"height\"===t.message?(1e3<(r=parseInt(t.value,10))?r=1e3:~~r<200&&(r=200),s.height=r):\"link\"===t.message&&(r=new URL(s.getAttribute(\"src\")),n=new URL(t.value),c.test(n.protocol))&&n.host===r.host&&l.activeElement===s&&(d.top.location.href=t.value))}},d.addEventListener(\"message\",d.wp.receiveEmbedMessage,!1),l.addEventListener(\"DOMContentLoaded\",function(){for(var e,t,s=l.querySelectorAll(\"iframe.wp-embedded-content\"),r=0;r<s.length;r++)(t=(e=s[r]).getAttribute(\"data-secret\"))||(t=Math.random().toString(36).substring(2,12),e.src+=\"#?secret=\"+t,e.setAttribute(\"data-secret\",t)),e.contentWindow.postMessage({message:\"ready\",secret:t},\"*\")},!1)))}(window,document);\n\/* ]]> *\/\n<\/script>\n","description":"Le positionnement des e\u0301tablissements publics de sante\u0301 dans le champ du me\u0301ce\u0301nat prive\u0301 est de\u0301sormais un fait e\u0301tabli. La question pose\u0301e n\u2019est donc plus de savoir si ces e\u0301tablissements doivent ou non avoir une de\u0301marche de me\u0301ce\u0301nat, mais pluto\u0302t de savoir comment construire cette de\u0301marche. Les de\u0301bats philosophiques et e\u0301thiques qui ont pu sous-tendre la question d\u2019opportunite\u0301 de savoir si ces e\u0301tablissements e\u0301taient le\u0301gitimes a\u0300 entreprendre une telle de\u0301marche n\u2019ont probablement pas e\u0301te\u0301 inutiles en ce qu\u2019ils ont pose\u0301 la question de savoir quelles missions ces e\u0301tablissements peuvent porter par des financements prive\u0301s au titre de me\u0301ce\u0301nat, sans remettre en cause ni fragiliser le principe de financement public de ces structures, missions relatives au soin, a\u0300 la pre\u0301vention, a\u0300 la recherche me\u0301dicale et a\u0300 l\u2019enseignement. Partant de la\u0300, la recherche de financements prive\u0301s au titre du me\u0301ce\u0301nat doit e\u0302tre un moyen de faire plus."}

Gestions hospitalières

Le mécénat en établissement public de santé - Gestions hospitalières

<blockquote class="wp-embedded-content" data-secret="7AOyvdbBEw"><a href="https://www.ricom-web8.com/gestions/le-mecenat-en-etablissement-public-de-sante/">Le mécénat en établissement public de santé</a></blockquote><iframe sandbox="allow-scripts" security="restricted" src="https://www.ricom-web8.com/gestions/le-mecenat-en-etablissement-public-de-sante/embed/#?secret=7AOyvdbBEw" width="600" height="338" title="« Le mécénat en établissement public de santé » &#8212; Gestions hospitalières" data-secret="7AOyvdbBEw" frameborder="0" marginwidth="0" marginheight="0" scrolling="no" class="wp-embedded-content"></iframe><script type="text/javascript">
/* <![CDATA[ */
/*! This file is auto-generated */
!function(d,l){"use strict";l.querySelector&&d.addEventListener&&"undefined"!=typeof URL&&(d.wp=d.wp||{},d.wp.receiveEmbedMessage||(d.wp.receiveEmbedMessage=function(e){var t=e.data;if((t||t.secret||t.message||t.value)&&!/[^a-zA-Z0-9]/.test(t.secret)){for(var s,r,n,a=l.querySelectorAll('iframe[data-secret="'+t.secret+'"]'),o=l.querySelectorAll('blockquote[data-secret="'+t.secret+'"]'),c=new RegExp("^https?:$","i"),i=0;i<o.length;i++)o[i].style.display="none";for(i=0;i<a.length;i++)s=a[i],e.source===s.contentWindow&&(s.removeAttribute("style"),"height"===t.message?(1e3<(r=parseInt(t.value,10))?r=1e3:~~r<200&&(r=200),s.height=r):"link"===t.message&&(r=new URL(s.getAttribute("src")),n=new URL(t.value),c.test(n.protocol))&&n.host===r.host&&l.activeElement===s&&(d.top.location.href=t.value))}},d.addEventListener("message",d.wp.receiveEmbedMessage,!1),l.addEventListener("DOMContentLoaded",function(){for(var e,t,s=l.querySelectorAll("iframe.wp-embedded-content"),r=0;r<s.length;r++)(t=(e=s[r]).getAttribute("data-secret"))||(t=Math.random().toString(36).substring(2,12),e.src+="#?secret="+t,e.setAttribute("data-secret",t)),e.contentWindow.postMessage({message:"ready",secret:t},"*")},!1)))}(window,document);
/* ]]> */
</script>
