

{"version":"1.0","provider_name":"Gestions hospitali\u00e8res","provider_url":"https:\/\/www.ricom-web8.com\/gestions","author_name":"yann Le Sager","author_url":"https:\/\/www.ricom-web8.com\/gestions\/author\/lesager-yannstudioricom-com\/","title":"L\u2019offre de soins en psychiatrie - Gestions hospitali\u00e8res","type":"rich","width":600,"height":338,"html":"<blockquote class=\"wp-embedded-content\" data-secret=\"reSEIRxEQN\"><a href=\"https:\/\/www.ricom-web8.com\/gestions\/loffre-de-soins-en-psychiatrie\/\">L\u2019offre de soins en psychiatrie<\/a><\/blockquote><iframe sandbox=\"allow-scripts\" security=\"restricted\" src=\"https:\/\/www.ricom-web8.com\/gestions\/loffre-de-soins-en-psychiatrie\/embed\/#?secret=reSEIRxEQN\" width=\"600\" height=\"338\" title=\"\u00ab\u00a0L\u2019offre de soins en psychiatrie\u00a0\u00bb &#8212; Gestions hospitali\u00e8res\" data-secret=\"reSEIRxEQN\" frameborder=\"0\" marginwidth=\"0\" marginheight=\"0\" scrolling=\"no\" class=\"wp-embedded-content\"><\/iframe><script type=\"text\/javascript\">\n\/* <![CDATA[ *\/\n\/*! This file is auto-generated *\/\n!function(d,l){\"use strict\";l.querySelector&&d.addEventListener&&\"undefined\"!=typeof URL&&(d.wp=d.wp||{},d.wp.receiveEmbedMessage||(d.wp.receiveEmbedMessage=function(e){var t=e.data;if((t||t.secret||t.message||t.value)&&!\/[^a-zA-Z0-9]\/.test(t.secret)){for(var s,r,n,a=l.querySelectorAll('iframe[data-secret=\"'+t.secret+'\"]'),o=l.querySelectorAll('blockquote[data-secret=\"'+t.secret+'\"]'),c=new RegExp(\"^https?:$\",\"i\"),i=0;i<o.length;i++)o[i].style.display=\"none\";for(i=0;i<a.length;i++)s=a[i],e.source===s.contentWindow&&(s.removeAttribute(\"style\"),\"height\"===t.message?(1e3<(r=parseInt(t.value,10))?r=1e3:~~r<200&&(r=200),s.height=r):\"link\"===t.message&&(r=new URL(s.getAttribute(\"src\")),n=new URL(t.value),c.test(n.protocol))&&n.host===r.host&&l.activeElement===s&&(d.top.location.href=t.value))}},d.addEventListener(\"message\",d.wp.receiveEmbedMessage,!1),l.addEventListener(\"DOMContentLoaded\",function(){for(var e,t,s=l.querySelectorAll(\"iframe.wp-embedded-content\"),r=0;r<s.length;r++)(t=(e=s[r]).getAttribute(\"data-secret\"))||(t=Math.random().toString(36).substring(2,12),e.src+=\"#?secret=\"+t,e.setAttribute(\"data-secret\",t)),e.contentWindow.postMessage({message:\"ready\",secret:t},\"*\")},!1)))}(window,document);\n\/* ]]> *\/\n<\/script>\n","description":"En mati\u00e8re de soins psychiatriques, il n\u2019est pas possible d\u2019aborder la question architecturale sans appr\u00e9hender ce qui, au-del\u00e0 des orientations th\u00e9rapeutiques, structure l\u2019intervention des professionnels. Depuis une simple circulaire du 15 mars 1960 relative au programme d\u2019organisation et d\u2019\u00e9quipement des d\u00e9partements en mati\u00e8re de lutte contre les maladies mentales, la notion de secteur est, jusqu\u2019\u00e0 aujourd\u2019hui, le r\u00e9f\u00e9rentiel d\u2019organisation des soins psychiatriques. Sur une aire g\u00e9opopulationnelle donn\u00e9e, il s\u2019agit de traiter \u00e0 un stade pr\u00e9coce, au plus pr\u00e8s du lieu d\u2019habitation et de la sph\u00e8re familiale et sociale du patient, de proposer au patient une m\u00eame \u00e9quipe pluridisciplinaire et d\u2019adapter sa prise en charge en fonction de son \u00e9tat clinique. Si le secteur est au coeur des enjeux architecturaux des h\u00f4pitaux sp\u00e9cialis\u00e9s en psychiatrie, le caract\u00e8re immobilier des seconds est peu propice aux agilit\u00e9s requises par le premier. Pourtant, la valeur m\u00eame de ce patrimoine foncier constitue paradoxalement un fort levier de valorisation au service d\u2019une modernisation de l\u2019\u00e9quipement hospitalier qui rapprochera, in fine, l\u2019h\u00f4pital de la ville dont on voulait le s\u00e9parer \u00e0 sa cr\u00e9ation.","thumbnail_url":"https:\/\/gestions-hospitalieres.fr\/wp-content\/uploads\/2015\/04\/ill_2015_246_1.png"}

Gestions hospitalières

L’offre de soins en psychiatrie - Gestions hospitalières

<blockquote class="wp-embedded-content" data-secret="reSEIRxEQN"><a href="https://www.ricom-web8.com/gestions/loffre-de-soins-en-psychiatrie/">L’offre de soins en psychiatrie</a></blockquote><iframe sandbox="allow-scripts" security="restricted" src="https://www.ricom-web8.com/gestions/loffre-de-soins-en-psychiatrie/embed/#?secret=reSEIRxEQN" width="600" height="338" title="« L’offre de soins en psychiatrie » &#8212; Gestions hospitalières" data-secret="reSEIRxEQN" frameborder="0" marginwidth="0" marginheight="0" scrolling="no" class="wp-embedded-content"></iframe><script type="text/javascript">
/* <![CDATA[ */
/*! This file is auto-generated */
!function(d,l){"use strict";l.querySelector&&d.addEventListener&&"undefined"!=typeof URL&&(d.wp=d.wp||{},d.wp.receiveEmbedMessage||(d.wp.receiveEmbedMessage=function(e){var t=e.data;if((t||t.secret||t.message||t.value)&&!/[^a-zA-Z0-9]/.test(t.secret)){for(var s,r,n,a=l.querySelectorAll('iframe[data-secret="'+t.secret+'"]'),o=l.querySelectorAll('blockquote[data-secret="'+t.secret+'"]'),c=new RegExp("^https?:$","i"),i=0;i<o.length;i++)o[i].style.display="none";for(i=0;i<a.length;i++)s=a[i],e.source===s.contentWindow&&(s.removeAttribute("style"),"height"===t.message?(1e3<(r=parseInt(t.value,10))?r=1e3:~~r<200&&(r=200),s.height=r):"link"===t.message&&(r=new URL(s.getAttribute("src")),n=new URL(t.value),c.test(n.protocol))&&n.host===r.host&&l.activeElement===s&&(d.top.location.href=t.value))}},d.addEventListener("message",d.wp.receiveEmbedMessage,!1),l.addEventListener("DOMContentLoaded",function(){for(var e,t,s=l.querySelectorAll("iframe.wp-embedded-content"),r=0;r<s.length;r++)(t=(e=s[r]).getAttribute("data-secret"))||(t=Math.random().toString(36).substring(2,12),e.src+="#?secret="+t,e.setAttribute("data-secret",t)),e.contentWindow.postMessage({message:"ready",secret:t},"*")},!1)))}(window,document);
/* ]]> */
</script>

En matière de soins psychiatriques, il n’est pas possible d’aborder la question architecturale sans appréhender ce qui, au-delà des orientations thérapeutiques, structure l’intervention des professionnels. Depuis une simple circulaire du 15 mars 1960 relative au programme d’organisation et d’équipement des départements en matière de lutte contre les maladies mentales, la notion de secteur est, jusqu’à aujourd’hui, le référentiel d’organisation des soins psychiatriques. Sur une aire géopopulationnelle donnée, il s’agit de traiter à un stade précoce, au plus près du lieu d’habitation et de la sphère familiale et sociale du patient, de proposer au patient une même équipe pluridisciplinaire et d’adapter sa prise en charge en fonction de son état clinique. Si le secteur est au coeur des enjeux architecturaux des hôpitaux spécialisés en psychiatrie, le caractère immobilier des seconds est peu propice aux agilités requises par le premier. Pourtant, la valeur même de ce patrimoine foncier constitue paradoxalement un fort levier de valorisation au service d’une modernisation de l’équipement hospitalier qui rapprochera, in fine, l’hôpital de la ville dont on voulait le séparer à sa création.
