

{"version":"1.0","provider_name":"Gestions hospitali\u00e8res","provider_url":"https:\/\/www.ricom-web8.com\/gestions","author_name":"Gestions hospitali\u00e8res","author_url":"https:\/\/www.ricom-web8.com\/gestions\/author\/benjamin\/","title":"Organiser le vide pour ne pas l\u2019\u00e9prouver\u2009? - Gestions hospitali\u00e8res","type":"rich","width":600,"height":338,"html":"<blockquote class=\"wp-embedded-content\" data-secret=\"nMW1TkNjWF\"><a href=\"https:\/\/www.ricom-web8.com\/gestions\/organiser-le-vide-pour-ne-pas-leprouver\/\">Organiser le vide pour ne pas l\u2019\u00e9prouver\u2009?<\/a><\/blockquote><iframe sandbox=\"allow-scripts\" security=\"restricted\" src=\"https:\/\/www.ricom-web8.com\/gestions\/organiser-le-vide-pour-ne-pas-leprouver\/embed\/#?secret=nMW1TkNjWF\" width=\"600\" height=\"338\" title=\"\u00ab\u00a0Organiser le vide pour ne pas l\u2019\u00e9prouver\u2009?\u00a0\u00bb &#8212; Gestions hospitali\u00e8res\" data-secret=\"nMW1TkNjWF\" frameborder=\"0\" marginwidth=\"0\" marginheight=\"0\" scrolling=\"no\" class=\"wp-embedded-content\"><\/iframe><script type=\"text\/javascript\">\n\/* <![CDATA[ *\/\n\/*! This file is auto-generated *\/\n!function(d,l){\"use strict\";l.querySelector&&d.addEventListener&&\"undefined\"!=typeof URL&&(d.wp=d.wp||{},d.wp.receiveEmbedMessage||(d.wp.receiveEmbedMessage=function(e){var t=e.data;if((t||t.secret||t.message||t.value)&&!\/[^a-zA-Z0-9]\/.test(t.secret)){for(var s,r,n,a=l.querySelectorAll('iframe[data-secret=\"'+t.secret+'\"]'),o=l.querySelectorAll('blockquote[data-secret=\"'+t.secret+'\"]'),c=new RegExp(\"^https?:$\",\"i\"),i=0;i<o.length;i++)o[i].style.display=\"none\";for(i=0;i<a.length;i++)s=a[i],e.source===s.contentWindow&&(s.removeAttribute(\"style\"),\"height\"===t.message?(1e3<(r=parseInt(t.value,10))?r=1e3:~~r<200&&(r=200),s.height=r):\"link\"===t.message&&(r=new URL(s.getAttribute(\"src\")),n=new URL(t.value),c.test(n.protocol))&&n.host===r.host&&l.activeElement===s&&(d.top.location.href=t.value))}},d.addEventListener(\"message\",d.wp.receiveEmbedMessage,!1),l.addEventListener(\"DOMContentLoaded\",function(){for(var e,t,s=l.querySelectorAll(\"iframe.wp-embedded-content\"),r=0;r<s.length;r++)(t=(e=s[r]).getAttribute(\"data-secret\"))||(t=Math.random().toString(36).substring(2,12),e.src+=\"#?secret=\"+t,e.setAttribute(\"data-secret\",t)),e.contentWindow.postMessage({message:\"ready\",secret:t},\"*\")},!1)))}(window,document);\n\/* ]]> *\/\n<\/script>\n","description":"L\u2019anorexie mentale se caract\u00e9rise par une perte de poids d\u00e9lib\u00e9r\u00e9e et rationalis\u00e9e, au moyen d\u2019un ensemble de pratiques alimentaires restrictives et purgatives (vomissements, prise de laxatifs, etc.), et d\u2019exercices physiques intensifs. Elle se distingue en cela de la simple anorexie ou perte d\u2019app\u00e9tit qui peut \u00eatre associ\u00e9e \u00e0 d\u2019autres maladies somatiques ou psychiques. Les sujets anorexiques choisissent et maintiennent des comportements privatifs extr\u00eames en d\u00e9pit d\u2019une faim normalement ressentie\u2009: \u00ab\u2009M\u00eame&hellip;"}

Gestions hospitalières

Organiser le vide pour ne pas l’éprouver ? - Gestions hospitalières

<blockquote class="wp-embedded-content" data-secret="nMW1TkNjWF"><a href="https://www.ricom-web8.com/gestions/organiser-le-vide-pour-ne-pas-leprouver/">Organiser le vide pour ne pas l’éprouver ?</a></blockquote><iframe sandbox="allow-scripts" security="restricted" src="https://www.ricom-web8.com/gestions/organiser-le-vide-pour-ne-pas-leprouver/embed/#?secret=nMW1TkNjWF" width="600" height="338" title="« Organiser le vide pour ne pas l’éprouver ? » &#8212; Gestions hospitalières" data-secret="nMW1TkNjWF" frameborder="0" marginwidth="0" marginheight="0" scrolling="no" class="wp-embedded-content"></iframe><script type="text/javascript">
/* <![CDATA[ */
/*! This file is auto-generated */
!function(d,l){"use strict";l.querySelector&&d.addEventListener&&"undefined"!=typeof URL&&(d.wp=d.wp||{},d.wp.receiveEmbedMessage||(d.wp.receiveEmbedMessage=function(e){var t=e.data;if((t||t.secret||t.message||t.value)&&!/[^a-zA-Z0-9]/.test(t.secret)){for(var s,r,n,a=l.querySelectorAll('iframe[data-secret="'+t.secret+'"]'),o=l.querySelectorAll('blockquote[data-secret="'+t.secret+'"]'),c=new RegExp("^https?:$","i"),i=0;i<o.length;i++)o[i].style.display="none";for(i=0;i<a.length;i++)s=a[i],e.source===s.contentWindow&&(s.removeAttribute("style"),"height"===t.message?(1e3<(r=parseInt(t.value,10))?r=1e3:~~r<200&&(r=200),s.height=r):"link"===t.message&&(r=new URL(s.getAttribute("src")),n=new URL(t.value),c.test(n.protocol))&&n.host===r.host&&l.activeElement===s&&(d.top.location.href=t.value))}},d.addEventListener("message",d.wp.receiveEmbedMessage,!1),l.addEventListener("DOMContentLoaded",function(){for(var e,t,s=l.querySelectorAll("iframe.wp-embedded-content"),r=0;r<s.length;r++)(t=(e=s[r]).getAttribute("data-secret"))||(t=Math.random().toString(36).substring(2,12),e.src+="#?secret="+t,e.setAttribute("data-secret",t)),e.contentWindow.postMessage({message:"ready",secret:t},"*")},!1)))}(window,document);
/* ]]> */
</script>

L’anorexie mentale se caractérise par une perte de poids délibérée et rationalisée, au moyen d’un ensemble de pratiques alimentaires restrictives et purgatives (vomissements, prise de laxatifs, etc.), et d’exercices physiques intensifs. Elle se distingue en cela de la simple anorexie ou perte d’appétit qui peut être associée à d’autres maladies somatiques ou psychiques. Les sujets anorexiques choisissent et maintiennent des comportements privatifs extrêmes en dépit d’une faim normalement ressentie : « Même&hellip;
