

{"version":"1.0","provider_name":"Gestions hospitali\u00e8res","provider_url":"https:\/\/www.ricom-web8.com\/gestions","author_name":"Gestions hospitali\u00e8res","author_url":"https:\/\/www.ricom-web8.com\/gestions\/author\/benjamin\/","title":"Un plan de formation au lean management - Gestions hospitali\u00e8res","type":"rich","width":600,"height":338,"html":"<blockquote class=\"wp-embedded-content\" data-secret=\"l9DbosCgqb\"><a href=\"https:\/\/www.ricom-web8.com\/gestions\/plan-de-formation-lean-management\/\">Un plan de formation au lean management<\/a><\/blockquote><iframe sandbox=\"allow-scripts\" security=\"restricted\" src=\"https:\/\/www.ricom-web8.com\/gestions\/plan-de-formation-lean-management\/embed\/#?secret=l9DbosCgqb\" width=\"600\" height=\"338\" title=\"\u00ab\u00a0Un plan de formation au lean management\u00a0\u00bb &#8212; Gestions hospitali\u00e8res\" data-secret=\"l9DbosCgqb\" frameborder=\"0\" marginwidth=\"0\" marginheight=\"0\" scrolling=\"no\" class=\"wp-embedded-content\"><\/iframe><script type=\"text\/javascript\">\n\/* <![CDATA[ *\/\n\/*! This file is auto-generated *\/\n!function(d,l){\"use strict\";l.querySelector&&d.addEventListener&&\"undefined\"!=typeof URL&&(d.wp=d.wp||{},d.wp.receiveEmbedMessage||(d.wp.receiveEmbedMessage=function(e){var t=e.data;if((t||t.secret||t.message||t.value)&&!\/[^a-zA-Z0-9]\/.test(t.secret)){for(var s,r,n,a=l.querySelectorAll('iframe[data-secret=\"'+t.secret+'\"]'),o=l.querySelectorAll('blockquote[data-secret=\"'+t.secret+'\"]'),c=new RegExp(\"^https?:$\",\"i\"),i=0;i<o.length;i++)o[i].style.display=\"none\";for(i=0;i<a.length;i++)s=a[i],e.source===s.contentWindow&&(s.removeAttribute(\"style\"),\"height\"===t.message?(1e3<(r=parseInt(t.value,10))?r=1e3:~~r<200&&(r=200),s.height=r):\"link\"===t.message&&(r=new URL(s.getAttribute(\"src\")),n=new URL(t.value),c.test(n.protocol))&&n.host===r.host&&l.activeElement===s&&(d.top.location.href=t.value))}},d.addEventListener(\"message\",d.wp.receiveEmbedMessage,!1),l.addEventListener(\"DOMContentLoaded\",function(){for(var e,t,s=l.querySelectorAll(\"iframe.wp-embedded-content\"),r=0;r<s.length;r++)(t=(e=s[r]).getAttribute(\"data-secret\"))||(t=Math.random().toString(36).substring(2,12),e.src+=\"#?secret=\"+t,e.setAttribute(\"data-secret\",t)),e.contentWindow.postMessage({message:\"ready\",secret:t},\"*\")},!1)))}(window,document);\n\/* ]]> *\/\n<\/script>\n","description":"Confront\u00e9s \u00e0 des difficult\u00e9s financi\u00e8res importantes apparues dans les ann\u00e9es 2008-2009, les Hospices civils de Lyon (HCL) ont engag\u00e9 une politique ambitieuse de redressement de leurs comptes. Pendant pr\u00e8s de dix ans, l\u2019ensemble de la communaut\u00e9 hospitali\u00e8re a \u00e9t\u00e9 mise \u00e0 contribution, au travers de profondes r\u00e9organisations qui ont toutes recherch\u00e9 une meilleure performance des process, tant dans les activit\u00e9s cliniques que dans les secteurs administratifs, logistiques ou techniques. La&hellip;"}

Gestions hospitalières

Un plan de formation au lean management - Gestions hospitalières

<blockquote class="wp-embedded-content" data-secret="l9DbosCgqb"><a href="https://www.ricom-web8.com/gestions/plan-de-formation-lean-management/">Un plan de formation au lean management</a></blockquote><iframe sandbox="allow-scripts" security="restricted" src="https://www.ricom-web8.com/gestions/plan-de-formation-lean-management/embed/#?secret=l9DbosCgqb" width="600" height="338" title="« Un plan de formation au lean management » &#8212; Gestions hospitalières" data-secret="l9DbosCgqb" frameborder="0" marginwidth="0" marginheight="0" scrolling="no" class="wp-embedded-content"></iframe><script type="text/javascript">
/* <![CDATA[ */
/*! This file is auto-generated */
!function(d,l){"use strict";l.querySelector&&d.addEventListener&&"undefined"!=typeof URL&&(d.wp=d.wp||{},d.wp.receiveEmbedMessage||(d.wp.receiveEmbedMessage=function(e){var t=e.data;if((t||t.secret||t.message||t.value)&&!/[^a-zA-Z0-9]/.test(t.secret)){for(var s,r,n,a=l.querySelectorAll('iframe[data-secret="'+t.secret+'"]'),o=l.querySelectorAll('blockquote[data-secret="'+t.secret+'"]'),c=new RegExp("^https?:$","i"),i=0;i<o.length;i++)o[i].style.display="none";for(i=0;i<a.length;i++)s=a[i],e.source===s.contentWindow&&(s.removeAttribute("style"),"height"===t.message?(1e3<(r=parseInt(t.value,10))?r=1e3:~~r<200&&(r=200),s.height=r):"link"===t.message&&(r=new URL(s.getAttribute("src")),n=new URL(t.value),c.test(n.protocol))&&n.host===r.host&&l.activeElement===s&&(d.top.location.href=t.value))}},d.addEventListener("message",d.wp.receiveEmbedMessage,!1),l.addEventListener("DOMContentLoaded",function(){for(var e,t,s=l.querySelectorAll("iframe.wp-embedded-content"),r=0;r<s.length;r++)(t=(e=s[r]).getAttribute("data-secret"))||(t=Math.random().toString(36).substring(2,12),e.src+="#?secret="+t,e.setAttribute("data-secret",t)),e.contentWindow.postMessage({message:"ready",secret:t},"*")},!1)))}(window,document);
/* ]]> */
</script>

Confrontés à des difficultés financières importantes apparues dans les années 2008-2009, les Hospices civils de Lyon (HCL) ont engagé une politique ambitieuse de redressement de leurs comptes. Pendant près de dix ans, l’ensemble de la communauté hospitalière a été mise à contribution, au travers de profondes réorganisations qui ont toutes recherché une meilleure performance des process, tant dans les activités cliniques que dans les secteurs administratifs, logistiques ou techniques. La&hellip;
