

{"version":"1.0","provider_name":"Gestions hospitali\u00e8res","provider_url":"https:\/\/www.ricom-web8.com\/gestions","author_name":"yann Le Sager","author_url":"https:\/\/www.ricom-web8.com\/gestions\/author\/lesager-yannstudioricom-com\/","title":"Pr\u00e9vention des risques psychosociaux - Gestions hospitali\u00e8res","type":"rich","width":600,"height":338,"html":"<blockquote class=\"wp-embedded-content\" data-secret=\"rorNMEH9tF\"><a href=\"https:\/\/www.ricom-web8.com\/gestions\/prevention-des-risques-psychosociaux\/\">Pr\u00e9vention des risques psychosociaux<\/a><\/blockquote><iframe sandbox=\"allow-scripts\" security=\"restricted\" src=\"https:\/\/www.ricom-web8.com\/gestions\/prevention-des-risques-psychosociaux\/embed\/#?secret=rorNMEH9tF\" width=\"600\" height=\"338\" title=\"\u00ab\u00a0Pr\u00e9vention des risques psychosociaux\u00a0\u00bb &#8212; Gestions hospitali\u00e8res\" data-secret=\"rorNMEH9tF\" frameborder=\"0\" marginwidth=\"0\" marginheight=\"0\" scrolling=\"no\" class=\"wp-embedded-content\"><\/iframe><script type=\"text\/javascript\">\n\/* <![CDATA[ *\/\n\/*! This file is auto-generated *\/\n!function(d,l){\"use strict\";l.querySelector&&d.addEventListener&&\"undefined\"!=typeof URL&&(d.wp=d.wp||{},d.wp.receiveEmbedMessage||(d.wp.receiveEmbedMessage=function(e){var t=e.data;if((t||t.secret||t.message||t.value)&&!\/[^a-zA-Z0-9]\/.test(t.secret)){for(var s,r,n,a=l.querySelectorAll('iframe[data-secret=\"'+t.secret+'\"]'),o=l.querySelectorAll('blockquote[data-secret=\"'+t.secret+'\"]'),c=new RegExp(\"^https?:$\",\"i\"),i=0;i<o.length;i++)o[i].style.display=\"none\";for(i=0;i<a.length;i++)s=a[i],e.source===s.contentWindow&&(s.removeAttribute(\"style\"),\"height\"===t.message?(1e3<(r=parseInt(t.value,10))?r=1e3:~~r<200&&(r=200),s.height=r):\"link\"===t.message&&(r=new URL(s.getAttribute(\"src\")),n=new URL(t.value),c.test(n.protocol))&&n.host===r.host&&l.activeElement===s&&(d.top.location.href=t.value))}},d.addEventListener(\"message\",d.wp.receiveEmbedMessage,!1),l.addEventListener(\"DOMContentLoaded\",function(){for(var e,t,s=l.querySelectorAll(\"iframe.wp-embedded-content\"),r=0;r<s.length;r++)(t=(e=s[r]).getAttribute(\"data-secret\"))||(t=Math.random().toString(36).substring(2,12),e.src+=\"#?secret=\"+t,e.setAttribute(\"data-secret\",t)),e.contentWindow.postMessage({message:\"ready\",secret:t},\"*\")},!1)))}(window,document);\n\/* ]]> *\/\n<\/script>\n","description":"La d\u00e9marche Organisation des soins et sant\u00e9 des soignants (Orsosa), d\u00e9ploy\u00e9e dans plus de 20 \u00e9tablissements et 200 unit\u00e9s de travail en France, a montr\u00e9 que la pr\u00e9vention des contraintes psychologiques et organisationnelles interpelle sur le management des \u00e9quipes de soins. Les auteurs montrent ici comment la passation d\u2019Orsosa permet d\u2019am\u00e9liorer l\u2019agilit\u00e9 collective de l\u2019\u00e9quipe, per\u00e7ue par le m\u00e9decin et le cadre."}

Gestions hospitalières

Prévention des risques psychosociaux - Gestions hospitalières

<blockquote class="wp-embedded-content" data-secret="rorNMEH9tF"><a href="https://www.ricom-web8.com/gestions/prevention-des-risques-psychosociaux/">Prévention des risques psychosociaux</a></blockquote><iframe sandbox="allow-scripts" security="restricted" src="https://www.ricom-web8.com/gestions/prevention-des-risques-psychosociaux/embed/#?secret=rorNMEH9tF" width="600" height="338" title="« Prévention des risques psychosociaux » &#8212; Gestions hospitalières" data-secret="rorNMEH9tF" frameborder="0" marginwidth="0" marginheight="0" scrolling="no" class="wp-embedded-content"></iframe><script type="text/javascript">
/* <![CDATA[ */
/*! This file is auto-generated */
!function(d,l){"use strict";l.querySelector&&d.addEventListener&&"undefined"!=typeof URL&&(d.wp=d.wp||{},d.wp.receiveEmbedMessage||(d.wp.receiveEmbedMessage=function(e){var t=e.data;if((t||t.secret||t.message||t.value)&&!/[^a-zA-Z0-9]/.test(t.secret)){for(var s,r,n,a=l.querySelectorAll('iframe[data-secret="'+t.secret+'"]'),o=l.querySelectorAll('blockquote[data-secret="'+t.secret+'"]'),c=new RegExp("^https?:$","i"),i=0;i<o.length;i++)o[i].style.display="none";for(i=0;i<a.length;i++)s=a[i],e.source===s.contentWindow&&(s.removeAttribute("style"),"height"===t.message?(1e3<(r=parseInt(t.value,10))?r=1e3:~~r<200&&(r=200),s.height=r):"link"===t.message&&(r=new URL(s.getAttribute("src")),n=new URL(t.value),c.test(n.protocol))&&n.host===r.host&&l.activeElement===s&&(d.top.location.href=t.value))}},d.addEventListener("message",d.wp.receiveEmbedMessage,!1),l.addEventListener("DOMContentLoaded",function(){for(var e,t,s=l.querySelectorAll("iframe.wp-embedded-content"),r=0;r<s.length;r++)(t=(e=s[r]).getAttribute("data-secret"))||(t=Math.random().toString(36).substring(2,12),e.src+="#?secret="+t,e.setAttribute("data-secret",t)),e.contentWindow.postMessage({message:"ready",secret:t},"*")},!1)))}(window,document);
/* ]]> */
</script>

La démarche Organisation des soins et santé des soignants (Orsosa), déployée dans plus de 20 établissements et 200 unités de travail en France, a montré que la prévention des contraintes psychologiques et organisationnelles interpelle sur le management des équipes de soins. Les auteurs montrent ici comment la passation d’Orsosa permet d’améliorer l’agilité collective de l’équipe, perçue par le médecin et le cadre.
