

{"version":"1.0","provider_name":"Gestions hospitali\u00e8res","provider_url":"https:\/\/www.ricom-web8.com\/gestions","author_name":"Gestions hospitali\u00e8res","author_url":"https:\/\/www.ricom-web8.com\/gestions\/author\/benjamin\/","title":"La protection des affaires personnelles \u00e0 l\u2019h\u00f4pital - Gestions hospitali\u00e8res","type":"rich","width":600,"height":338,"html":"<blockquote class=\"wp-embedded-content\" data-secret=\"4fvImY2lJg\"><a href=\"https:\/\/www.ricom-web8.com\/gestions\/protection-affaires-personnelles-a-lhopital\/\">La protection des affaires personnelles \u00e0 l\u2019h\u00f4pital<\/a><\/blockquote><iframe sandbox=\"allow-scripts\" security=\"restricted\" src=\"https:\/\/www.ricom-web8.com\/gestions\/protection-affaires-personnelles-a-lhopital\/embed\/#?secret=4fvImY2lJg\" width=\"600\" height=\"338\" title=\"\u00ab\u00a0La protection des affaires personnelles \u00e0 l\u2019h\u00f4pital\u00a0\u00bb &#8212; Gestions hospitali\u00e8res\" data-secret=\"4fvImY2lJg\" frameborder=\"0\" marginwidth=\"0\" marginheight=\"0\" scrolling=\"no\" class=\"wp-embedded-content\"><\/iframe><script type=\"text\/javascript\">\n\/* <![CDATA[ *\/\n\/*! This file is auto-generated *\/\n!function(d,l){\"use strict\";l.querySelector&&d.addEventListener&&\"undefined\"!=typeof URL&&(d.wp=d.wp||{},d.wp.receiveEmbedMessage||(d.wp.receiveEmbedMessage=function(e){var t=e.data;if((t||t.secret||t.message||t.value)&&!\/[^a-zA-Z0-9]\/.test(t.secret)){for(var s,r,n,a=l.querySelectorAll('iframe[data-secret=\"'+t.secret+'\"]'),o=l.querySelectorAll('blockquote[data-secret=\"'+t.secret+'\"]'),c=new RegExp(\"^https?:$\",\"i\"),i=0;i<o.length;i++)o[i].style.display=\"none\";for(i=0;i<a.length;i++)s=a[i],e.source===s.contentWindow&&(s.removeAttribute(\"style\"),\"height\"===t.message?(1e3<(r=parseInt(t.value,10))?r=1e3:~~r<200&&(r=200),s.height=r):\"link\"===t.message&&(r=new URL(s.getAttribute(\"src\")),n=new URL(t.value),c.test(n.protocol))&&n.host===r.host&&l.activeElement===s&&(d.top.location.href=t.value))}},d.addEventListener(\"message\",d.wp.receiveEmbedMessage,!1),l.addEventListener(\"DOMContentLoaded\",function(){for(var e,t,s=l.querySelectorAll(\"iframe.wp-embedded-content\"),r=0;r<s.length;r++)(t=(e=s[r]).getAttribute(\"data-secret\"))||(t=Math.random().toString(36).substring(2,12),e.src+=\"#?secret=\"+t,e.setAttribute(\"data-secret\",t)),e.contentWindow.postMessage({message:\"ready\",secret:t},\"*\")},!1)))}(window,document);\n\/* ]]> *\/\n<\/script>\n","description":"N\u00e9cessit\u00e9 d\u2019une politique de gestion des biens \u00e0 l\u2019h\u00f4pital L\u2019h\u00f4pital d\u2019aujourd\u2019hui doit s\u2019organiser afin que les personnes malades y soient autant que possible accueillies sans v\u00e9ritable rupture avec leur vie ordinaire. L\u2019\u00e9volution des modalit\u00e9s de prise en charge m\u00e9dicale, la promotion d\u2019un parcours de soins donnant une place croissante aux soins ambulatoires, mais aussi l\u2019\u00e9mergence des droits des malades ont mis \u00e0 mal l\u2019image traditionnelle des patients hospitalis\u00e9s en v\u00eatements&hellip;"}

Gestions hospitalières

La protection des affaires personnelles à l’hôpital - Gestions hospitalières

<blockquote class="wp-embedded-content" data-secret="4fvImY2lJg"><a href="https://www.ricom-web8.com/gestions/protection-affaires-personnelles-a-lhopital/">La protection des affaires personnelles à l’hôpital</a></blockquote><iframe sandbox="allow-scripts" security="restricted" src="https://www.ricom-web8.com/gestions/protection-affaires-personnelles-a-lhopital/embed/#?secret=4fvImY2lJg" width="600" height="338" title="« La protection des affaires personnelles à l’hôpital » &#8212; Gestions hospitalières" data-secret="4fvImY2lJg" frameborder="0" marginwidth="0" marginheight="0" scrolling="no" class="wp-embedded-content"></iframe><script type="text/javascript">
/* <![CDATA[ */
/*! This file is auto-generated */
!function(d,l){"use strict";l.querySelector&&d.addEventListener&&"undefined"!=typeof URL&&(d.wp=d.wp||{},d.wp.receiveEmbedMessage||(d.wp.receiveEmbedMessage=function(e){var t=e.data;if((t||t.secret||t.message||t.value)&&!/[^a-zA-Z0-9]/.test(t.secret)){for(var s,r,n,a=l.querySelectorAll('iframe[data-secret="'+t.secret+'"]'),o=l.querySelectorAll('blockquote[data-secret="'+t.secret+'"]'),c=new RegExp("^https?:$","i"),i=0;i<o.length;i++)o[i].style.display="none";for(i=0;i<a.length;i++)s=a[i],e.source===s.contentWindow&&(s.removeAttribute("style"),"height"===t.message?(1e3<(r=parseInt(t.value,10))?r=1e3:~~r<200&&(r=200),s.height=r):"link"===t.message&&(r=new URL(s.getAttribute("src")),n=new URL(t.value),c.test(n.protocol))&&n.host===r.host&&l.activeElement===s&&(d.top.location.href=t.value))}},d.addEventListener("message",d.wp.receiveEmbedMessage,!1),l.addEventListener("DOMContentLoaded",function(){for(var e,t,s=l.querySelectorAll("iframe.wp-embedded-content"),r=0;r<s.length;r++)(t=(e=s[r]).getAttribute("data-secret"))||(t=Math.random().toString(36).substring(2,12),e.src+="#?secret="+t,e.setAttribute("data-secret",t)),e.contentWindow.postMessage({message:"ready",secret:t},"*")},!1)))}(window,document);
/* ]]> */
</script>

Nécessité d’une politique de gestion des biens à l’hôpital L’hôpital d’aujourd’hui doit s’organiser afin que les personnes malades y soient autant que possible accueillies sans véritable rupture avec leur vie ordinaire. L’évolution des modalités de prise en charge médicale, la promotion d’un parcours de soins donnant une place croissante aux soins ambulatoires, mais aussi l’émergence des droits des malades ont mis à mal l’image traditionnelle des patients hospitalisés en vêtements&hellip;
