

{"version":"1.0","provider_name":"Gestions hospitali\u00e8res","provider_url":"https:\/\/www.ricom-web8.com\/gestions","author_name":"Gestions hospitali\u00e8res","author_url":"https:\/\/www.ricom-web8.com\/gestions\/author\/benjamin\/","title":"La soci\u00e9t\u00e9 coop\u00e9rative d\u2019int\u00e9r\u00eat collectif (Scic) - Gestions hospitali\u00e8res","type":"rich","width":600,"height":338,"html":"<blockquote class=\"wp-embedded-content\" data-secret=\"knydj7lEHf\"><a href=\"https:\/\/www.ricom-web8.com\/gestions\/societe-cooperative-dinteret-collectif-scic\/\">La soci\u00e9t\u00e9 coop\u00e9rative d\u2019int\u00e9r\u00eat collectif (Scic)<\/a><\/blockquote><iframe sandbox=\"allow-scripts\" security=\"restricted\" src=\"https:\/\/www.ricom-web8.com\/gestions\/societe-cooperative-dinteret-collectif-scic\/embed\/#?secret=knydj7lEHf\" width=\"600\" height=\"338\" title=\"\u00ab\u00a0La soci\u00e9t\u00e9 coop\u00e9rative d\u2019int\u00e9r\u00eat collectif (Scic)\u00a0\u00bb &#8212; Gestions hospitali\u00e8res\" data-secret=\"knydj7lEHf\" frameborder=\"0\" marginwidth=\"0\" marginheight=\"0\" scrolling=\"no\" class=\"wp-embedded-content\"><\/iframe><script type=\"text\/javascript\">\n\/* <![CDATA[ *\/\n\/*! This file is auto-generated *\/\n!function(d,l){\"use strict\";l.querySelector&&d.addEventListener&&\"undefined\"!=typeof URL&&(d.wp=d.wp||{},d.wp.receiveEmbedMessage||(d.wp.receiveEmbedMessage=function(e){var t=e.data;if((t||t.secret||t.message||t.value)&&!\/[^a-zA-Z0-9]\/.test(t.secret)){for(var s,r,n,a=l.querySelectorAll('iframe[data-secret=\"'+t.secret+'\"]'),o=l.querySelectorAll('blockquote[data-secret=\"'+t.secret+'\"]'),c=new RegExp(\"^https?:$\",\"i\"),i=0;i<o.length;i++)o[i].style.display=\"none\";for(i=0;i<a.length;i++)s=a[i],e.source===s.contentWindow&&(s.removeAttribute(\"style\"),\"height\"===t.message?(1e3<(r=parseInt(t.value,10))?r=1e3:~~r<200&&(r=200),s.height=r):\"link\"===t.message&&(r=new URL(s.getAttribute(\"src\")),n=new URL(t.value),c.test(n.protocol))&&n.host===r.host&&l.activeElement===s&&(d.top.location.href=t.value))}},d.addEventListener(\"message\",d.wp.receiveEmbedMessage,!1),l.addEventListener(\"DOMContentLoaded\",function(){for(var e,t,s=l.querySelectorAll(\"iframe.wp-embedded-content\"),r=0;r<s.length;r++)(t=(e=s[r]).getAttribute(\"data-secret\"))||(t=Math.random().toString(36).substring(2,12),e.src+=\"#?secret=\"+t,e.setAttribute(\"data-secret\",t)),e.contentWindow.postMessage({message:\"ready\",secret:t},\"*\")},!1)))}(window,document);\n\/* ]]> *\/\n<\/script>\n","description":"Historiquement, le secteur sanitaire et social est organis\u00e9 d\u2019une part en gestion publique, d\u2019autre part en gestion d\u00e9l\u00e9gu\u00e9e \u00e0 des organisations priv\u00e9es, pour l\u2019essentiel associatives. Ce mod\u00e8le est attaqu\u00e9 par une offensive du secteur priv\u00e9 lucratif facilit\u00e9e par certaines faiblesses de la gestion associative\u2009: difficult\u00e9s dans le renouvellement des administrateurs b\u00e9n\u00e9voles, non-implication dans la gouvernance des salari\u00e9s, r\u00e9duction du projet associatif \u00e0 une simple gestion \u00e9troitement contr\u00f4l\u00e9e par l\u2019autorit\u00e9 publique,&hellip;"}

Gestions hospitalières

La société coopérative d’intérêt collectif (Scic) - Gestions hospitalières

<blockquote class="wp-embedded-content" data-secret="knydj7lEHf"><a href="https://www.ricom-web8.com/gestions/societe-cooperative-dinteret-collectif-scic/">La société coopérative d’intérêt collectif (Scic)</a></blockquote><iframe sandbox="allow-scripts" security="restricted" src="https://www.ricom-web8.com/gestions/societe-cooperative-dinteret-collectif-scic/embed/#?secret=knydj7lEHf" width="600" height="338" title="« La société coopérative d’intérêt collectif (Scic) » &#8212; Gestions hospitalières" data-secret="knydj7lEHf" frameborder="0" marginwidth="0" marginheight="0" scrolling="no" class="wp-embedded-content"></iframe><script type="text/javascript">
/* <![CDATA[ */
/*! This file is auto-generated */
!function(d,l){"use strict";l.querySelector&&d.addEventListener&&"undefined"!=typeof URL&&(d.wp=d.wp||{},d.wp.receiveEmbedMessage||(d.wp.receiveEmbedMessage=function(e){var t=e.data;if((t||t.secret||t.message||t.value)&&!/[^a-zA-Z0-9]/.test(t.secret)){for(var s,r,n,a=l.querySelectorAll('iframe[data-secret="'+t.secret+'"]'),o=l.querySelectorAll('blockquote[data-secret="'+t.secret+'"]'),c=new RegExp("^https?:$","i"),i=0;i<o.length;i++)o[i].style.display="none";for(i=0;i<a.length;i++)s=a[i],e.source===s.contentWindow&&(s.removeAttribute("style"),"height"===t.message?(1e3<(r=parseInt(t.value,10))?r=1e3:~~r<200&&(r=200),s.height=r):"link"===t.message&&(r=new URL(s.getAttribute("src")),n=new URL(t.value),c.test(n.protocol))&&n.host===r.host&&l.activeElement===s&&(d.top.location.href=t.value))}},d.addEventListener("message",d.wp.receiveEmbedMessage,!1),l.addEventListener("DOMContentLoaded",function(){for(var e,t,s=l.querySelectorAll("iframe.wp-embedded-content"),r=0;r<s.length;r++)(t=(e=s[r]).getAttribute("data-secret"))||(t=Math.random().toString(36).substring(2,12),e.src+="#?secret="+t,e.setAttribute("data-secret",t)),e.contentWindow.postMessage({message:"ready",secret:t},"*")},!1)))}(window,document);
/* ]]> */
</script>

Historiquement, le secteur sanitaire et social est organisé d’une part en gestion publique, d’autre part en gestion déléguée à des organisations privées, pour l’essentiel associatives. Ce modèle est attaqué par une offensive du secteur privé lucratif facilitée par certaines faiblesses de la gestion associative : difficultés dans le renouvellement des administrateurs bénévoles, non-implication dans la gouvernance des salariés, réduction du projet associatif à une simple gestion étroitement contrôlée par l’autorité publique,&hellip;
